{"id":31,"date":"2020-03-07T19:22:28","date_gmt":"2020-03-07T19:22:28","guid":{"rendered":"http:\/\/marion-endres.de\/?page_id=31"},"modified":"2025-03-10T10:15:53","modified_gmt":"2025-03-10T10:15:53","slug":"lead-me","status":"publish","type":"page","link":"http:\/\/marion-endres.de\/?page_id=31","title":{"rendered":"Lead ME"},"content":{"rendered":"\n<p><strong>&#8220;Behandle die Menschen so, als w\u00e4ren sie, was sie sein sollten und du hilfst ihnen zu werden, was sie sein k\u00f6nnen.&#8221; (Johann Wolfgang von Goethe)<\/strong><\/p>\n\n\n\n<p>F\u00fchrung und Coaching sind meine Leidenschaft \u2013 doch f\u00fcr mich bedeutet es weit mehr als das Vermitteln von Methoden oder das Geben kluger Ratschl\u00e4ge. Es geht darum, den Menschen in seiner ganzen Sch\u00f6pferkraft zu sehen, sein verborgenes Potenzial zu erkennen und ihn dabei zu unterst\u00fctzen, seine Realit\u00e4t bewusst zu gestalten.<\/p>\n\n\n\n<p>Echtes Coaching erfordert Demut. Es geht nicht darum, vorgefertigte L\u00f6sungen anzubieten, sondern schlummernde M\u00f6glichkeiten freizulegen und sie in eine sich rasant ver\u00e4ndernde Arbeitswelt zu integrieren. Die kommenden 20 Jahre werden von einem beispiellosen Wandel gepr\u00e4gt sein \u2013 das kollektive Bewusstsein wird schneller wachsen als je zuvor.<\/p>\n\n\n\n<p>Die Zeiten des reinen F\u00fchrens und Kontrollierens sind vorbei. Zukunftsf\u00e4hige Leadership bedeutet, Visionen zu erkennen, Menschen zu inspirieren und sie in ihre volle Kraft zu bringen. Werte wie Achtsamkeit, Akzeptanz und ein neues Verst\u00e4ndnis von Menschlichkeit sind keine Trends \u2013 sie sind essenziell f\u00fcr nachhaltigen Erfolg.<\/p>\n\n\n\n<p>Mein Coaching ist mehr als eine Methode \u2013 es ist eine tiefgreifende, transformative Erfahrung. Es ist Raum f\u00fcr Erkenntnis, Wachstum und echte Ver\u00e4nderung. Ich begleite F\u00fchrungspers\u00f6nlichkeiten, Unternehmer und vision\u00e4re Menschen dabei, ihr volles Potenzial zu entfalten \u2013 klar, wirkungsvoll und nachhaltig.<\/p>\n\n\n\n<p>Wenn Sie bereit sind, sich selbst neu zu entdecken, alte Grenzen zu sprengen und Ihr Denken auf ein neues Level zu heben, dann lassen Sie uns sprechen. <\/p>\n","protected":false},"excerpt":{"rendered":"<p>&#8220;Behandle die Menschen so, als w\u00e4ren sie, was sie sein sollten und du hilfst ihnen zu werden, was sie sein k\u00f6nnen.&#8221; (Johann Wolfgang von Goethe) F\u00fchrung und Coaching sind meine Leidenschaft \u2013 doch f\u00fcr mich bedeutet es weit mehr als das Vermitteln von Methoden oder das Geben kluger Ratschl\u00e4ge. Es&hellip; <\/p>\n","protected":false},"author":1,"featured_media":0,"parent":0,"menu_order":0,"comment_status":"closed","ping_status":"closed","template":"","meta":[],"_links":{"self":[{"href":"http:\/\/marion-endres.de\/index.php?rest_route=\/wp\/v2\/pages\/31"}],"collection":[{"href":"http:\/\/marion-endres.de\/index.php?rest_route=\/wp\/v2\/pages"}],"about":[{"href":"http:\/\/marion-endres.de\/index.php?rest_route=\/wp\/v2\/types\/page"}],"author":[{"embeddable":true,"href":"http:\/\/marion-endres.de\/index.php?rest_route=\/wp\/v2\/users\/1"}],"replies":[{"embeddable":true,"href":"http:\/\/marion-endres.de\/index.php?rest_route=%2Fwp%2Fv2%2Fcomments&post=31"}],"version-history":[{"count":9,"href":"http:\/\/marion-endres.de\/index.php?rest_route=\/wp\/v2\/pages\/31\/revisions"}],"predecessor-version":[{"id":274,"href":"http:\/\/marion-endres.de\/index.php?rest_route=\/wp\/v2\/pages\/31\/revisions\/274"}],"wp:attachment":[{"href":"http:\/\/marion-endres.de\/index.php?rest_route=%2Fwp%2Fv2%2Fmedia&parent=31"}],"curies":[{"name":"wp","href":"https:\/\/api.w.org\/{rel}","templated":true}]}}